lse
Is 74 a factor of 44622?
True
Is 1381276 a multiple of 404?
True
Is 293750 a multiple of 250?
True
Does 267 divide 17258551?
False
Is 23 a factor of 4072?
False
Does 12 divide 860990?
False
Does 165 divide 254132?
False
Does 65 divide 11505?
True
Is 14947700 a multiple of 10?
True
Is 58 a factor of 637768?
True
Is 211044 a multiple of 86?
True
Does 28 divide 702240?
True
Is 13 a factor of 17136?
False
Does 29 divide 153136?
False
Is 3159585 a multiple of 495?
True
Is 528471 a multiple of 23?
True
Is 511462 a multiple of 36?
False
Does 101 divide 13792066?
False
Is 94385 a multiple of 47?
False
Is 798597 a multiple of 55?
False
Does 259 divide 293626?
False
Is 97517 a multiple of 12?
False
Is 849244 a multiple of 183?
False
Does 36 divide 55440?
True
Is 7 a factor of 70770?
True
Does 8 divide 44557?
False
Is 443477 a multiple of 4?
False
Is 240463 a multiple of 67?
True
Does 16 divide 10535776?
True
Is 220596 a multiple of 12?
True
Is 40 a factor of 88800?
True
Is 477917 a multiple of 23?
True
Is 12 a factor of 86616?
True
Does 29 divide 3274851?
False
Is 664 a factor of 398400?
True
Is 52428 a multiple of 68?
True
Does 2 divide 872064?
True
Is 124 a factor of 15416182?
False
Is 295095 a multiple of 14?
False
Is 94 a factor of 5073462?
True
Is 3409410 a multiple of 18?
False
Is 7 a factor of 80479?
True
Is 15357343 a multiple of 19?
False
Is 113 a factor of 463300?
True
Does 256 divide 391936?
True
Is 255 a factor of 97686?
False
Does 10 divide 43920?
True
Is 71790 a multiple of 143?
False
Does 17 divide 228773?
False
Is 84771 a multiple of 287?
False
Is 1108075 a multiple of 29?
False
Does 183 divide 1505358?
True
Does 170 divide 662568?
False
Is 1503050 a multiple of 193?
False
Is 5126 a multiple of 19?
False
Is 218 a factor of 289940?
True
Does 4 divide 71144?
True
Is 180494 a multiple of 8?
False
Is 129 a factor of 3681015?
True
Is 391232 a multiple of 428?
False
Is 2001687 a multiple of 747?
False
Is 944 a factor of 21863040?
True
Is 6 a factor of 134556?
True
Is 86207 a multiple of 11?
True
Does 8 divide 10426042?
False
Does 102 divide 197676?
True
Is 25 a factor of 137641?
False
Is 7 a factor of 238420?
True
Is 58 a factor of 99760?
True
Does 43 divide 817322?
False
Is 1585 a factor of 5297070?
True
Does 53 divide 162127?
True
Is 573782 a multiple of 121?
True
Is 222316 a multiple of 15?
False
Is 81 a factor of 1230213?
False
Is 1228530 a multiple of 15?
True
Is 3266478 a multiple of 437?
False
Is 537863 a multiple of 1072?
False
Is 10863 even?
False
Is 1399650 a multiple of 14?
True
Is 73193 a multiple of 137?
False
Does 309 divide 135033?
True
Is 156 a factor of 642252?
True
Is 17 a factor of 461690?
False
Is 844128 a multiple of 9?
True
Is 1440 a multiple of 3?
True
Is 63 a factor of 140167?
False
Is 14 a factor of 35923?
False
Is 17 a factor of 395284?
True
Does 110 divide 213400?
True
Is 9 a factor of 3335761?
False
Is 682 a factor of 2160576?
True
Is 5006354 a multiple of 49?
False
Is 13 a factor of 112445?
False
Is 2379625 a multiple of 40?
False
Is 21 a factor of 1779477?
True
Is 38 a factor of 11792236?
True
Is 35395 a multiple of 47?
False
Is 170 a factor of 56592?
False
Does 63 divide 292778?
False
Does 7 divide 470386?
True
Does 25 divide 35325?
True
Is 36410 a multiple of 5?
True
Is 8365203 a multiple of 77?
True
Does 36 divide 4638168?
True
Is 10017995 a multiple of 78?
False
Is 119 a factor of 336532?
True
Does 10 divide 47710?
True
Does 5 divide 291650?
True
Does 407 divide 4426673?
False
Is 65 a factor of 576160?
True
Does 9 divide 3622887?
True
Is 45 a factor of 343919?
False
Is 624477 a multiple of 47?
False
Is 29 a factor of 1217814?
False
Is 63 a factor of 169470?
True
Does 39 divide 892632?
True
Does 201 divide 10477527?
True
Is 1268074 a multiple of 83?
True
Is 18 a factor of 17352?
True
Is 583 a factor of 1568853?
True
Is 6879136 a multiple of 32?
True
Is 144 a factor of 14232240?
True
Is 83904 a multiple of 64?
True
Is 146 a factor of 11103100?
False
Is 208544 a multiple of 14?
True
Does 271 divide 1532505?
True
Does 19 divide 140087?
True
Is 3288300 a multiple of 582?
True
Is 9 a factor of 1139625?
True
Is 22 a factor of 2245262?
False
Is 14 a factor of 6286868?
True
Does 52 divide 637349?
False
Is 248930 a multiple of 365?
True
Is 21 a factor of 13852088?
False
Does 125 divide 11453625?
True
Is 220 a factor of 578820?
True
Does 416 divide 47044?
False
Does 255 divide 7830653?
False
Is 234 a factor of 340236?
True
Is 1420 a factor of 6246580?
True
Is 28 a factor of 3293918?
False
Is 95 a factor of 185387?
False
Is 545 a factor of 3419330?
True
Is 44990 a multiple of 5?
True
Is 469858 a multiple of 178?
False
Does 7 divide 7420479?
False
Is 26260 a multiple of 2?
True
Is 38 a factor of 11514?
True
Is 380362 a multiple of 723?
False
Does 12 divide 670432?
False
Is 56 a factor of 1161272?
True
Is 210036 a multiple of 138?
True
Is 11 a factor of 16005?
True
Is 194 a factor of 56648?
True
Is 45 a factor of 304014?
False
Is 301056 a multiple of 11?
False
Does 5 divide 789311?
False
Is 350 a factor of 18900?
True
Is 46 a factor of 14260?
True
Is 701 a factor of 836293?
True
Is 137 a factor of 607835?
False
Is 18 a factor of 2256430?
False
Does 353 divide 1943241?
False
Does 26 divide 4459754?
True
Does 19 divide 675521?
False
Is 718 a factor of 3256130?
True
Does 93 divide 1804665?
True
Is 2 a factor of 3159196?
True
Is 22 a factor of 5215711?
False
Is 1941643 a multiple of 199?
True
Is 17966 a multiple of 5?
False
Does 610 divide 6905889?
False
Is 301 a factor of 107939?
False
Is 7765152 a multiple of 141?
True
Is 937 a factor of 2335011?
False
Does 108 divide 26943178?
False
Does 41 divide 3322466?
False
Is 6 a factor of 354726?
True
Is 105 a factor of 11829?
False
Does 25 divide 5062850?
True
Is 615318 a multiple of 66?
True
Is 16 a factor of 3976396?
False
Is 6 a factor of 106185?
False
Is 114706 a multiple of 485?
False
Is 1882122 a multiple of 11?
True
Is 65 a factor of 1002636?
False
Is 176917 a multiple of 3?
False
Is 14 a factor of 473803?
False
Is 6395081 a multiple of 1099?
True
Is 399 a factor of 93765?
True
Is 22 a factor of 94135?
False
Does 5 divide 418196?
False
Does 183 divide 596763?
True
Is 737741 a multiple of 35?
False
Is 38 a factor of 2305802?
True
Is 10 a factor of 9638190?
True
Is 24 a factor of 2405424?
True
Does 64 divide 1581653?
False
Is 85680 a multiple of 68?
True
Does 23 divide 13156?
True
Does 67 divide 376942?
True
Is 55 a factor of 837485?
True
Does 602 divide 771684?
False
Does 40 divide 4021480?
True
Is 269 a factor of 2526448?
True
Does 10 divide 1262841?
False
Does 565 divide 2039085?
True
Is 817 a factor of 597227?
True
Is 276 a factor of 2194050?
False
Is 457 a factor of 66722?
True
Does 149 divide 9965759?
False
Does 39 divide 12956190?
True
Is 180 a factor of 175140?
True
Does 21 divide 13773396?
True
Is 1713602 a multiple of 55?
False
Is 853740 a multiple of 465?
True
Does 13 divide 12371281?
True
Does 934 divide 2465760?
True
Does 6 divide 2923731?
False
Is 8 a factor of 165599?
False
Is 172992 a multiple of 159?
True
Is 24 a factor of 1137696?
True
Does 191 divide 7550612?
True
Is 8496100 a multiple of 135?
False
Does 231 divide 137445?
True
Does 514 divide 5743436?
True
Is 8600 a multiple of 72?
False
Does 16 divide 139263?
False
Is 202771 a multiple of 31?
True
Is 50 a factor of 201000?
True
Is 132972 a multiple of 11?
False
Does 3 divide 63057?
True
Is 433767 a multiple of 48?
False
Does 37 divide 15454382?
True
Is 3756507 a multiple of 51?
True
Is 73 a factor of 935714?
True
Does 243 divide 10449?
True
Does 12 divide 89592?
True
Does 12 divide 2657052?
True
Is 156806 a multiple of 163?
True
Is 9364 even?
True
Is 5 a factor of 6019650?
True
Is 3896817 a multiple of 9?
False
Does 13 divide 2296983?
True
Is 74 a factor of 807118?
True
Is 10 a factor of 30243?
False
Does 9 divide 1069947?
True
Is 9 a factor of 807471?
True
Is 109434 a multiple of 6?
True
Is 482 a factor of 2640180?
False
Does 355 divide 5024683?
False
Does 65 divide 142936?
False
Is 7 a factor of 91930?
False
Does 52 divide 815923?
False
Does 19 divide 125913?
True
Is 319728 a multiple of 12?
True
Is 209 a factor of 146091?
True
Is 243152 a multiple of 91?
True
Is 265 a factor of 709849?
False
Is 7